{"id":86,"date":"2023-05-11T15:26:04","date_gmt":"2023-05-11T13:26:04","guid":{"rendered":"http:\/\/jeanpierremagnetisor.fr\/?page_id=86"},"modified":"2026-03-04T18:23:00","modified_gmt":"2026-03-04T17:23:00","slug":"accompagnement-reconnexion-a-soi","status":"publish","type":"page","link":"https:\/\/jeanpierremagnetisor.fr\/index.php\/accompagnement-reconnexion-a-soi\/","title":{"rendered":"Reconnexion \u00e0 soi en for\u00eat"},"content":{"rendered":"\n<figure class=\"wp-block-image size-full is-resized\"><img loading=\"lazy\" decoding=\"async\" width=\"403\" height=\"227\" src=\"http:\/\/jeanpierremagnetisor.fr\/wp-content\/uploads\/2023\/05\/20230410_171427-1.jpg\" alt=\"\" class=\"wp-image-357\" style=\"width:460px;height:259px\" srcset=\"https:\/\/jeanpierremagnetisor.fr\/wp-content\/uploads\/2023\/05\/20230410_171427-1.jpg 403w, https:\/\/jeanpierremagnetisor.fr\/wp-content\/uploads\/2023\/05\/20230410_171427-1-300x169.jpg 300w\" sizes=\"auto, (max-width: 403px) 100vw, 403px\" \/><\/figure>\n\n\n\n<p><\/p>\n\n\n\n<p><strong>Par ma vocation d&rsquo;ACCOMPAGNAT&rsquo;OR<\/strong> , je suis tr\u00e8s proche de la NATURE.                           J&rsquo;\u0153uvre en harmonie avec elle,  avec les \u00e9l\u00e9ments<strong> Feu, Eau, Air, Terre pour \u00eatre F.O.R.T.<\/strong><\/p>\n\n\n\n<p><strong>Je montre la NATURE<\/strong> sous un autre angle, pour retrouver <strong>notre juste PLACE <\/strong>et notre v\u00e9ritable NATURE! <\/p>\n\n\n\n<p>Chacune et chacun peut ressentir le passage des <strong>portes \u00e9nerg\u00e9tiques, les vortex d&rsquo;\u00e9nergies<\/strong> facilitant pour nous aider \u00e0 \u00e9vacuer des \u00e9motions que l&rsquo;on n&rsquo;a plus besoin de porter en nous et facilitant pour <strong>recharger nos ressources, nos batterie<\/strong>s.<\/p>\n\n\n\n<p><strong>Bien plus qu&rsquo;une simple ballade<\/strong> en for\u00eat, bien plus qu&rsquo;un c\u00e2lin aux arbres,<strong> la magie<\/strong> est au rendez-vous avec les diff\u00e9rents r\u00e8gnes vivants, vibrants (min\u00e9ral, v\u00e9g\u00e9tal, animal, invisible notamment avec nos amis du petit peuple&#8230;.) qui se manifestent pour nous faire <strong>ressentir la VIE en eux<\/strong>, pour nous faire ressentir leurs actions vibratoires.                                        <\/p>\n\n\n\n<p><strong>L\u00e2cher prise et L&rsquo;\u00c2ME AGIT pour nous \u00e9veiller \u00e0 NOUS-M\u00caMES.<\/strong><\/p>\n\n\n\n<p><strong>La dur\u00e9e de l&rsquo;accompagnement  individuel ou de l&rsquo;accompagnement en groupe (minimum 4 personnes) pour un soin collectif est de 3 heures.                                                                                                                                                                                                                                            Contact au +33 6 86 06 56 34 <\/strong><\/p>\n\n\n\n<p><a rel=\"noreferrer noopener\" href=\"http:\/\/jeanpierremagnetisor.fr\/index.php\/calendrier-evenements\/\" target=\"_blank\">Consultez le calendrier des \u00e9v\u00e8nements<\/a><\/p>\n","protected":false},"excerpt":{"rendered":"<p>Par ma vocation d&rsquo;ACCOMPAGNAT&rsquo;OR , je suis tr\u00e8s proche de la NATURE. J&rsquo;\u0153uvre en harmonie avec elle, avec les \u00e9l\u00e9ments Feu, Eau, Air, Terre pour \u00eatre F.O.R.T. Je montre la NATURE sous un autre angle, pour retrouver notre juste PLACE et notre v\u00e9ritable NATURE! Chacune et chacun peut ressentir le passage des portes \u00e9nerg\u00e9tiques, les &hellip; <\/p>\n<p class=\"link-more\"><a href=\"https:\/\/jeanpierremagnetisor.fr\/index.php\/accompagnement-reconnexion-a-soi\/\" class=\"more-link\">Continuer la lecture<span class=\"screen-reader-text\"> de &laquo;&nbsp;Reconnexion \u00e0 soi en for\u00eat&nbsp;&raquo;<\/span><\/a><\/p>\n","protected":false},"author":1,"featured_media":0,"parent":0,"menu_order":0,"comment_status":"closed","ping_status":"closed","template":"","meta":{"footnotes":""},"class_list":["post-86","page","type-page","status-publish","hentry"],"_links":{"self":[{"href":"https:\/\/jeanpierremagnetisor.fr\/index.php\/wp-json\/wp\/v2\/pages\/86","targetHints":{"allow":["GET"]}}],"collection":[{"href":"https:\/\/jeanpierremagnetisor.fr\/index.php\/wp-json\/wp\/v2\/pages"}],"about":[{"href":"https:\/\/jeanpierremagnetisor.fr\/index.php\/wp-json\/wp\/v2\/types\/page"}],"author":[{"embeddable":true,"href":"https:\/\/jeanpierremagnetisor.fr\/index.php\/wp-json\/wp\/v2\/users\/1"}],"replies":[{"embeddable":true,"href":"https:\/\/jeanpierremagnetisor.fr\/index.php\/wp-json\/wp\/v2\/comments?post=86"}],"version-history":[{"count":25,"href":"https:\/\/jeanpierremagnetisor.fr\/index.php\/wp-json\/wp\/v2\/pages\/86\/revisions"}],"predecessor-version":[{"id":668,"href":"https:\/\/jeanpierremagnetisor.fr\/index.php\/wp-json\/wp\/v2\/pages\/86\/revisions\/668"}],"wp:attachment":[{"href":"https:\/\/jeanpierremagnetisor.fr\/index.php\/wp-json\/wp\/v2\/media?parent=86"}],"curies":[{"name":"wp","href":"https:\/\/api.w.org\/{rel}","templated":true}]}}

Reconnexion à soi en forêt

<figure class="wp-block-image size-full is-resized"><img loading="lazy" decoding="async" width="403" height="227" src="http://jeanpierremagnetisor.fr/wp-content/uploads/2023/05/20230410_171427-1.jpg" alt="" class="wp-image-357" style="width:460px;height:259px" srcset="https://jeanpierremagnetisor.fr/wp-content/uploads/2023/05/20230410_171427-1.jpg 403w, https://jeanpierremagnetisor.fr/wp-content/uploads/2023/05/20230410_171427-1-300x169.jpg 300w" sizes="auto, (max-width: 403px) 100vw, 403px" /></figure>



<p></p>



<p><strong>Par ma vocation d&rsquo;ACCOMPAGNAT&rsquo;OR</strong> , je suis très proche de la NATURE.                           J&rsquo;œuvre en harmonie avec elle,  avec les éléments<strong> Feu, Eau, Air, Terre pour être F.O.R.T.</strong></p>



<p><strong>Je montre la NATURE</strong> sous un autre angle, pour retrouver <strong>notre juste PLACE </strong>et notre véritable NATURE! </p>



<p>Chacune et chacun peut ressentir le passage des <strong>portes énergétiques, les vortex d&rsquo;énergies</strong> facilitant pour nous aider à évacuer des émotions que l&rsquo;on n&rsquo;a plus besoin de porter en nous et facilitant pour <strong>recharger nos ressources, nos batterie</strong>s.</p>



<p><strong>Bien plus qu&rsquo;une simple ballade</strong> en forêt, bien plus qu&rsquo;un câlin aux arbres,<strong> la magie</strong> est au rendez-vous avec les différents règnes vivants, vibrants (minéral, végétal, animal, invisible notamment avec nos amis du petit peuple&#8230;.) qui se manifestent pour nous faire <strong>ressentir la VIE en eux</strong>, pour nous faire ressentir leurs actions vibratoires.                                        </p>



<p><strong>Lâcher prise et L&rsquo;ÂME AGIT pour nous éveiller à NOUS-MÊMES.</strong></p>



<p><strong>La durée de l&rsquo;accompagnement  individuel ou de l&rsquo;accompagnement en groupe (minimum 4 personnes) pour un soin collectif est de 3 heures.                                                                                                                                                                                                                                            Contact au +33 6 86 06 56 34 </strong></p>



<p><a rel="noreferrer noopener" href="http://jeanpierremagnetisor.fr/index.php/calendrier-evenements/" target="_blank">Consultez le calendrier des évènements</a></p>

<p>Par ma vocation d&rsquo;ACCOMPAGNAT&rsquo;OR , je suis très proche de la NATURE. J&rsquo;œuvre en harmonie avec elle, avec les éléments Feu, Eau, Air, Terre pour être F.O.R.T. Je montre la NATURE sous un autre angle, pour retrouver notre juste PLACE et notre véritable NATURE! Chacune et chacun peut ressentir le passage des portes énergétiques, les &hellip; </p>
<p class="link-more"><a href="https://jeanpierremagnetisor.fr/index.php/accompagnement-reconnexion-a-soi/" class="more-link">Continuer la lecture<span class="screen-reader-text"> de &laquo;&nbsp;Reconnexion à soi en forêt&nbsp;&raquo;</span></a></p>
