{"id":660,"date":"2026-02-21T11:18:54","date_gmt":"2026-02-21T10:18:54","guid":{"rendered":"https:\/\/jeanpierremagnetisor.fr\/?page_id=660"},"modified":"2026-02-21T11:18:54","modified_gmt":"2026-02-21T10:18:54","slug":"1-minute-en-or-chaine-youtube","status":"publish","type":"page","link":"https:\/\/jeanpierremagnetisor.fr\/index.php\/1-minute-en-or-chaine-youtube\/","title":{"rendered":"1 minute en OR &#8211; chaine YouTube"},"content":{"rendered":"\n<p><a href=\"https:\/\/www.youtube.com\/@JeanPierreMagn%C3%A9tisOr\">clique ICI pour acc\u00e9der \u00e0 ma chaine<\/a><\/p>\n\n\n\n<p>Avec ma cha\u00eene @JeanPierreMagn\u00e9tisOr et la diffusion de \u00ab\u00a01 minute en OR\u00a0\u00bb, je vous propose des rendez-vous ponctuels avec un format de vid\u00e9os courtes. <\/p>\n\n\n\n<p>C&rsquo;est l&rsquo;invitation \u00e0 s&rsquo;accorder 1 minute en OR pour soi, par exemple en ressentant son \u00e9tat d&rsquo;esprit, ses \u00e9motions qui se refl\u00e8teraient dans un miroir, comme sa propre image. <\/p>\n\n\n\n<p>Invitation \u00e0 ressentir cette expression instantan\u00e9e. 1 minute en OR, c&rsquo;est aussi des moments privil\u00e9gi\u00e9s de r\u00e9flexions propos\u00e9s bien souvent en canalisation, avec des sujets vari\u00e9s, d&rsquo;\u00e9changes, d&rsquo;interactions entre nous avec des commentaires, sans jugement, en toute impartialit\u00e9, en toute neutralit\u00e9. Je vous souhaite de vivre de tr\u00e8s beaux moments de partage, d&rsquo;\u00e9changes sur ma cha\u00eene et de belles minutes en OR, pour vous! <\/p>\n\n\n\n<p>Avec tout mon c\u0153ur, Jean Pierre<\/p>\n\n\n\n<p><\/p>\n","protected":false},"excerpt":{"rendered":"<p>clique ICI pour acc\u00e9der \u00e0 ma chaine Avec ma cha\u00eene @JeanPierreMagn\u00e9tisOr et la diffusion de \u00ab\u00a01 minute en OR\u00a0\u00bb, je vous propose des rendez-vous ponctuels avec un format de vid\u00e9os courtes. C&rsquo;est l&rsquo;invitation \u00e0 s&rsquo;accorder 1 minute en OR pour soi, par exemple en ressentant son \u00e9tat d&rsquo;esprit, ses \u00e9motions qui se refl\u00e8teraient dans un &hellip; <\/p>\n<p class=\"link-more\"><a href=\"https:\/\/jeanpierremagnetisor.fr\/index.php\/1-minute-en-or-chaine-youtube\/\" class=\"more-link\">Continuer la lecture<span class=\"screen-reader-text\"> de &laquo;&nbsp;1 minute en OR &#8211; chaine YouTube&nbsp;&raquo;<\/span><\/a><\/p>\n","protected":false},"author":1,"featured_media":0,"parent":0,"menu_order":0,"comment_status":"closed","ping_status":"closed","template":"","meta":{"footnotes":""},"class_list":["post-660","page","type-page","status-publish","hentry"],"_links":{"self":[{"href":"https:\/\/jeanpierremagnetisor.fr\/index.php\/wp-json\/wp\/v2\/pages\/660","targetHints":{"allow":["GET"]}}],"collection":[{"href":"https:\/\/jeanpierremagnetisor.fr\/index.php\/wp-json\/wp\/v2\/pages"}],"about":[{"href":"https:\/\/jeanpierremagnetisor.fr\/index.php\/wp-json\/wp\/v2\/types\/page"}],"author":[{"embeddable":true,"href":"https:\/\/jeanpierremagnetisor.fr\/index.php\/wp-json\/wp\/v2\/users\/1"}],"replies":[{"embeddable":true,"href":"https:\/\/jeanpierremagnetisor.fr\/index.php\/wp-json\/wp\/v2\/comments?post=660"}],"version-history":[{"count":2,"href":"https:\/\/jeanpierremagnetisor.fr\/index.php\/wp-json\/wp\/v2\/pages\/660\/revisions"}],"predecessor-version":[{"id":662,"href":"https:\/\/jeanpierremagnetisor.fr\/index.php\/wp-json\/wp\/v2\/pages\/660\/revisions\/662"}],"wp:attachment":[{"href":"https:\/\/jeanpierremagnetisor.fr\/index.php\/wp-json\/wp\/v2\/media?parent=660"}],"curies":[{"name":"wp","href":"https:\/\/api.w.org\/{rel}","templated":true}]}}