{"id":650,"date":"2026-02-11T07:58:43","date_gmt":"2026-02-11T06:58:43","guid":{"rendered":"https:\/\/jeanpierremagnetisor.fr\/?page_id=650"},"modified":"2026-03-04T18:25:58","modified_gmt":"2026-03-04T17:25:58","slug":"seance-contact-defunts","status":"publish","type":"page","link":"https:\/\/jeanpierremagnetisor.fr\/index.php\/seance-contact-defunts\/","title":{"rendered":"S\u00e9ance contact d\u00e9funts"},"content":{"rendered":"\n<p>Les d\u00e9funts, ces chers disparus sont honor\u00e9s bien souvent par des fleurs, avec la lumi\u00e8re d\u2019une bougie, avec leur photo, leur portrait dans nos maisons. Pour nous souvenir d\u2019eux!<\/p>\n\n\n\n<p>Mais eux, les d\u00e9funts, nous ont-ils oubli\u00e9s? Se manifestent ils \u00e0 nous? Par une plume dans un lieu improbable? Par leur chanson pr\u00e9f\u00e9r\u00e9e \u00e0 la radio? Peut-\u00eatre ont-ils des messages pour nous?<\/p>\n\n\n\n<p>Par ma sensibilit\u00e9 m\u00e9diumnique pour rentrer en connexion avec vos chers disparus, humains ou animaux:<\/p>\n\n\n\n<p>J\u2019organise, en s\u00e9ance collective, ce temps de reliance d\u2019Amour intemporel avec EUX!: Minimum 6 participants \/ canalisation offerte pour l\u2019h\u00f4te(sse)                                     <strong> Participation 20\u20ac <\/strong> \/  <strong>1 seule photo par personne <\/strong><\/p>\n\n\n\n<p>Je re\u00e7ois en s\u00e9ance individuelle pour partager ce temps de reliance d\u2019Amour intemporel.              <strong>Le montant de cette prestation est de 35\u20ac.&nbsp;<\/strong><\/p>\n\n\n\n<p><strong>Contact au +33 6 86 06 56 34<\/strong><\/p>\n","protected":false},"excerpt":{"rendered":"<p>Les d\u00e9funts, ces chers disparus sont honor\u00e9s bien souvent par des fleurs, avec la lumi\u00e8re d\u2019une bougie, avec leur photo, leur portrait dans nos maisons. Pour nous souvenir d\u2019eux! Mais eux, les d\u00e9funts, nous ont-ils oubli\u00e9s? Se manifestent ils \u00e0 nous? Par une plume dans un lieu improbable? Par leur chanson pr\u00e9f\u00e9r\u00e9e \u00e0 la radio? &hellip; <\/p>\n<p class=\"link-more\"><a href=\"https:\/\/jeanpierremagnetisor.fr\/index.php\/seance-contact-defunts\/\" class=\"more-link\">Continuer la lecture<span class=\"screen-reader-text\"> de &laquo;&nbsp;S\u00e9ance contact d\u00e9funts&nbsp;&raquo;<\/span><\/a><\/p>\n","protected":false},"author":1,"featured_media":0,"parent":0,"menu_order":0,"comment_status":"closed","ping_status":"closed","template":"","meta":{"footnotes":""},"class_list":["post-650","page","type-page","status-publish","hentry"],"_links":{"self":[{"href":"https:\/\/jeanpierremagnetisor.fr\/index.php\/wp-json\/wp\/v2\/pages\/650","targetHints":{"allow":["GET"]}}],"collection":[{"href":"https:\/\/jeanpierremagnetisor.fr\/index.php\/wp-json\/wp\/v2\/pages"}],"about":[{"href":"https:\/\/jeanpierremagnetisor.fr\/index.php\/wp-json\/wp\/v2\/types\/page"}],"author":[{"embeddable":true,"href":"https:\/\/jeanpierremagnetisor.fr\/index.php\/wp-json\/wp\/v2\/users\/1"}],"replies":[{"embeddable":true,"href":"https:\/\/jeanpierremagnetisor.fr\/index.php\/wp-json\/wp\/v2\/comments?post=650"}],"version-history":[{"count":3,"href":"https:\/\/jeanpierremagnetisor.fr\/index.php\/wp-json\/wp\/v2\/pages\/650\/revisions"}],"predecessor-version":[{"id":670,"href":"https:\/\/jeanpierremagnetisor.fr\/index.php\/wp-json\/wp\/v2\/pages\/650\/revisions\/670"}],"wp:attachment":[{"href":"https:\/\/jeanpierremagnetisor.fr\/index.php\/wp-json\/wp\/v2\/media?parent=650"}],"curies":[{"name":"wp","href":"https:\/\/api.w.org\/{rel}","templated":true}]}}