{"id":577,"date":"2025-07-26T09:34:13","date_gmt":"2025-07-26T07:34:13","guid":{"rendered":"https:\/\/jeanpierremagnetisor.fr\/?page_id=577"},"modified":"2026-02-05T10:05:37","modified_gmt":"2026-02-05T09:05:37","slug":"lemerveille","status":"publish","type":"page","link":"https:\/\/jeanpierremagnetisor.fr\/index.php\/lemerveille\/","title":{"rendered":"L&rsquo;\u00e9merveill\u00e9 &#8211; carnet de voyage au c\u0153ur de l&rsquo;Amour"},"content":{"rendered":"\n<p>L&rsquo;\u00e9merveill\u00e9 est en vente \u00e0 18\u20ac ou 21\u20ac avec frais d&rsquo;envoi postal. <\/p>\n\n\n\n<figure class=\"wp-block-image size-full is-resized\"><a href=\"https:\/\/lardet-jean-pierre.square.site\/product\/l-merveill-carnet-de-voyage-au-c-ur-de-l-amour\/3RXYFMTEH7KMC3JCW5CX55UQ?cs=true&amp;cst=custom\"><img loading=\"lazy\" decoding=\"async\" width=\"901\" height=\"619\" src=\"https:\/\/jeanpierremagnetisor.fr\/wp-content\/uploads\/2025\/07\/Capture-decran-2025-07-04-154119-1.png\" alt=\"\" class=\"wp-image-581\" style=\"width:557px;height:auto\" srcset=\"https:\/\/jeanpierremagnetisor.fr\/wp-content\/uploads\/2025\/07\/Capture-decran-2025-07-04-154119-1.png 901w, https:\/\/jeanpierremagnetisor.fr\/wp-content\/uploads\/2025\/07\/Capture-decran-2025-07-04-154119-1-300x206.png 300w, https:\/\/jeanpierremagnetisor.fr\/wp-content\/uploads\/2025\/07\/Capture-decran-2025-07-04-154119-1-768x528.png 768w\" sizes=\"auto, (max-width: 767px) 89vw, (max-width: 1000px) 54vw, (max-width: 1071px) 543px, 580px\" \/><\/a><\/figure>\n\n\n\n<p class=\"has-text-align-left\">L\u2019\u00e9merveill\u00e9 est un recueil de textes po\u00e9tiques. Ou plut\u00f4t un carnet de voyage autour de l\u2019Amour!<\/p>\n\n\n\n<p class=\"has-text-align-left\">Un voyage au c\u0153ur de l\u2019Amour. L\u2019Amour de Soi, au c\u0153ur de Moi,  au c\u0153ur de l\u2019Amour tout court.<\/p>\n\n\n\n<p class=\"has-text-align-left\">Avec un ensemble de messages d\u2019espoir, d\u2019amour, de joie, de lumi\u00e8re, de douceurs, de couleurs,  de messages du c\u0153ur!<\/p>\n\n\n\n<p class=\"has-text-align-left\">Comme un enfant soufflant sur un pissenlit. Simplement!<\/p>\n\n\n\n<p class=\"has-text-align-left\">Pour vous donner envie de retrouver cette insouciance de l&rsquo;enfance, cet \u00e9merveillement et voyager vous aussi au c\u0153ur de l\u2019amour en vous<\/p>\n\n\n\n<p class=\"has-text-align-left\">L&rsquo;\u00e9merveill\u00e9 pourrait aussi s\u2019appeler L\u2019\u00e9merveill\u2019OR.<\/p>\n\n\n\n<p class=\"has-text-align-left\">Avec tout mon c\u0153ur<\/p>\n\n\n\n<p class=\"has-text-align-left\">Jean Pierre<\/p>\n\n\n\n<p class=\"has-text-align-left\"><strong>Contact par t\u00e9l\u00e9phone au +33 6 86 06 56 34<\/strong><br><\/p>\n\n\n\n<p><\/p>\n","protected":false},"excerpt":{"rendered":"<p>L&rsquo;\u00e9merveill\u00e9 est en vente \u00e0 18\u20ac ou 21\u20ac avec frais d&rsquo;envoi postal. L\u2019\u00e9merveill\u00e9 est un recueil de textes po\u00e9tiques. Ou plut\u00f4t un carnet de voyage autour de l\u2019Amour! Un voyage au c\u0153ur de l\u2019Amour. L\u2019Amour de Soi, au c\u0153ur de Moi, au c\u0153ur de l\u2019Amour tout court. Avec un ensemble de messages d\u2019espoir, d\u2019amour, de &hellip; <\/p>\n<p class=\"link-more\"><a href=\"https:\/\/jeanpierremagnetisor.fr\/index.php\/lemerveille\/\" class=\"more-link\">Continuer la lecture<span class=\"screen-reader-text\"> de &laquo;&nbsp;L&rsquo;\u00e9merveill\u00e9 &#8211; carnet de voyage au c\u0153ur de l&rsquo;Amour&nbsp;&raquo;<\/span><\/a><\/p>\n","protected":false},"author":1,"featured_media":0,"parent":0,"menu_order":0,"comment_status":"open","ping_status":"closed","template":"","meta":{"footnotes":""},"class_list":["post-577","page","type-page","status-publish","hentry"],"_links":{"self":[{"href":"https:\/\/jeanpierremagnetisor.fr\/index.php\/wp-json\/wp\/v2\/pages\/577","targetHints":{"allow":["GET"]}}],"collection":[{"href":"https:\/\/jeanpierremagnetisor.fr\/index.php\/wp-json\/wp\/v2\/pages"}],"about":[{"href":"https:\/\/jeanpierremagnetisor.fr\/index.php\/wp-json\/wp\/v2\/types\/page"}],"author":[{"embeddable":true,"href":"https:\/\/jeanpierremagnetisor.fr\/index.php\/wp-json\/wp\/v2\/users\/1"}],"replies":[{"embeddable":true,"href":"https:\/\/jeanpierremagnetisor.fr\/index.php\/wp-json\/wp\/v2\/comments?post=577"}],"version-history":[{"count":8,"href":"https:\/\/jeanpierremagnetisor.fr\/index.php\/wp-json\/wp\/v2\/pages\/577\/revisions"}],"predecessor-version":[{"id":648,"href":"https:\/\/jeanpierremagnetisor.fr\/index.php\/wp-json\/wp\/v2\/pages\/577\/revisions\/648"}],"wp:attachment":[{"href":"https:\/\/jeanpierremagnetisor.fr\/index.php\/wp-json\/wp\/v2\/media?parent=577"}],"curies":[{"name":"wp","href":"https:\/\/api.w.org\/{rel}","templated":true}]}}